digit of 757?
5
What is the thousands digit of 51504?
1
What is the units digit of 8715?
5
What is the units digit of 2142?
2
What is the thousands digit of 1657?
1
What is the hundreds digit of 330?
3
What is the hundreds digit of 64095?
0
What is the units digit of 2546?
6
What is the ten thousands digit of 20886?
2
What is the hundreds digit of 2148?
1
What is the hundred thousands digit of 176795?
1
What is the hundreds digit of 44154?
1
What is the hundreds digit of 2249?
2
What is the units digit of 11944?
4
What is the ten thousands digit of 76147?
7
What is the tens digit of 185?
8
What is the hundreds digit of 1987?
9
What is the tens digit of 324?
2
What is the ten thousands digit of 27665?
2
What is the units digit of 60074?
4
What is the hundreds digit of 289?
2
What is the hundreds digit of 2711?
7
What is the hundreds digit of 2487?
4
What is the hundreds digit of 1436?
4
What is the tens digit of 3106?
0
What is the ten thousands digit of 25489?
2
What is the units digit of 1501?
1
What is the units digit of 8996?
6
What is the tens digit of 871?
7
What is the hundreds digit of 6332?
3
What is the units digit of 10965?
5
What is the hundreds digit of 12017?
0
What is the tens digit of 773?
7
What is the thousands digit of 19288?
9
What is the thousands digit of 66241?
6
What is the tens digit of 59853?
5
What is the units digit of 22758?
8
What is the units digit of 4790?
0
What is the tens digit of 19767?
6
What is the hundreds digit of 2094?
0
What is the thousands digit of 7042?
7
What is the tens digit of 810?
1
What is the thousands digit of 23816?
3
What is the ten thousands digit of 94713?
9
What is the units digit of 8726?
6
What is the hundreds digit of 1949?
9
What is the tens digit of 22887?
8
What is the hundreds digit of 34815?
8
What is the hundreds digit of 71296?
2
What is the thousands digit of 2786?
2
What is the hundreds digit of 684?
6
What is the units digit of 792?
2
What is the tens digit of 1939?
3
What is the units digit of 84282?
2
What is the units digit of 5232?
2
What is the thousands digit of 5215?
5
What is the thousands digit of 8798?
8
What is the hundreds digit of 1279?
2
What is the units digit of 2981?
1
What is the units digit of 1989?
9
What is the tens digit of 9934?
3
What is the hundreds digit of 6017?
0
What is the tens digit of 29500?
0
What is the thousands digit of 30053?
0
What is the hundreds digit of 10579?
5
What is the tens digit of 10090?
9
What is the hundreds digit of 2376?
3
What is the hundreds digit of 1071?
0
What is the hundreds digit of 610?
6
What is the thousands digit of 1111?
1
What is the hundred thousands digit of 103836?
1
What is the tens digit of 589?
8
What is the ten thousands digit of 42908?
4
What is the tens digit of 9037?
3
What is the hundreds digit of 4118?
1
What is the tens digit of 4815?
1
What is the tens digit of 8683?
8
What is the tens digit of 5808?
0
What is the units digit of 21854?
4
What is the thousands digit of 2773?
2
What is the units digit of 370?
0
What is the hundreds digit of 60542?
5
What is the hundreds digit of 21651?
6
What is the ten thousands digit of 12353?
1
What is the hundreds digit of 2312?
3
What is the units digit of 104577?
7
What is the tens digit of 21532?
3
What is the thousands digit of 44717?
4
What is the hundreds digit of 9023?
0
What is the thousands digit of 6838?
6
What is the units digit of 1690?
0
What is the ten thousands digit of 26200?
2
What is the thousands digit of 1484?
1
What is the thousands digit of 1368?
1
What is the thousands digit of 9938?
9
What is the tens digit of 8515?
1
What is the tens digit of 3814?
1
What is the units digit of 5856?
6
What is the tens digit of 23663?
6
What is the hundreds digit of 7139?
1
What is the tens digit of 1196?
9
What is the hundreds digit of 2841?
8
What is the units digit of 185?
5
What is the hundreds digit of 6441?
4
What is the ten thousands digit of 85591?
8
What is the units digit of 2027?
7
What is the hundreds digit of 248?
2
What is the tens digit of 1021?
2
What is the hundreds digit of 2971?
9
What is the tens digit of 48977?
7
What is the units digit of 17543?
3
What is the thousands digit of 16011?
6
What is the thousands digit of 3896?
3
What is the thousands digit of 31080?
1
What is the tens digit of 30025?
2
What is the units digit of 44692?
2
What is the ten thousands digit of 13766?
1
What is the hundreds digit of 25838?
8
What is the tens digit of 1135?
3
What is the units digit of 642?
2
What is the tens digit of 2192?
9
What is the thousands digit of 11859?
1
What is the units digit of 23891?
1
What is the units digit of 6299?
9
What is the hundreds digit of 22786?
7
What is the units digit of 584?
4
What is the units digit of 72?
2
What is the ten thousands digit of 12564?
1
What is the tens digit of 953?
5
What is the units digit of 1123?
3
What is the hundreds digit of 794?
7
What is the thousands digit of 10845?
0
What is the hundreds digit of 285?
2
What is the hundreds digit of 6989?
9
What is the tens digit of 61129?
2
What is the units digit of 41314?
4
What is the units digit of 4322?
2
What is the hundreds digit of 41307?
3
What is the thousands digit of 3884?
3
What is the units digit of 613?
3
What is the thousands digit of 60516?
0
What is the units digit of 8610?
0
What is the units digit of 98176?
6
What is the tens digit of 11906?
0
What is the thousands digit of 9609?
9
What is the ten thousands digit of 13193?
1
What is the ten thousands digit of 27623?
2
What is the ten thousands digit of 79289?
7
What is the hundreds digit of 2594?
5
What is the hundreds digit of 14554?
5
What is the thousands digit of 1977?
1
What is the ten thousands digit of 23703?
2
What is the units digit of 6461?
1
What is the tens digit of 617?
1
What is the ten thousands digit of 19584?
1
What is the hundreds digit of 1625?
6
What is the tens digit of 881?
8
What is the tens digit of 25481?
8
What is the units digit of 31668?
8
What is the thousands digit of 11320?
1
What is the tens digit of 15574?
7
What is the units digit of 870?
0
What is the tens digit of 13212?
1
What is the hundreds digit of 65719?
7
What is the units digit of 8159?
9
What is the units digit of 35572?
2
What is the hundreds digit of 127648?
6
What is the hundreds digit of 887?
8
What is the units digit of 638?
8
What is the hundreds digit of 595?
5
What is the hundreds digit of 36863?
8
What is the tens digit of 2658?
5
What is the units digit of 1619?
9
What is the tens digit of 991?
9
What is the units digit of 1748?
8
What is the tens digit of 24387?
8
What is the tens digit of 6346?
4
What is the units digit of 1211?
1
What is the hundreds digit of 1446?
4
What is the hundreds digit of 9672?
6
What is the thousands digit of 10234?
0
What is the thousands digit of 17092?
7
What is the hundreds digit of 1720?
7
What is the ten thousands digit of 173401?
7
What is the tens digit of 1908?
0
What is the hundreds digit of 631?
6
What is the tens digit of 140434?
3
What is the hundreds digit of 47266?
2
What is the tens digit of 16672?
7
What is the units digit of 884?
4
What is the thousands digit of 1696?
1
What is the hundreds digit of 136?
1
What is the thousands digit of 59089?
9
What is the tens digit of 12249?
4
What is the thousands digit of 2044?
2
What is the tens digit of 8540?
4
What is the units digit of 20957?
7
What is the ten thousands digit of 22583?
2
What is the hundreds digit of 2408?
4
What is the tens digit of 25032?
3
What is the units digit of 1360?
0
What is the tens digit of 596?
9
What is the hundreds digit of 6186?
1
What is the units digit of 7?
7
What is the units digit of 5817?
7
What is the thousands digit of 3145?
3
What is the tens digit of 44195?
9
What is the thousands digit of 92816?
2
What is the hundreds digit of 25508?
5
What is the units digit of 1147?
7
What is the hundreds digit of 4781?
7
What is the hundreds digit of 33310?
3
What is the tens digit of 15422?
2
What is the hundreds digit of 1116?
1
What is the units digit of 1877?
7
What is the tens digit of 4337?
3
What is the tens digit of 559?
5
What is the units digit of 6356?
6
What is the hundreds digit of 206?
2
What is the ten thousands digit of 19519?
1
What is the t